 b be l(-7). What are the prime factors of ((-63)/(-2))/b*112/(-3)?
2, 7
Let z be 4*4/24*(-11 + 2). Let r be ((-1060)/25)/(z/15). Suppose 2*o = l - r, 322 = -2*l + 5*l - 5*o. List the prime factors of l.
2, 3, 19
What are the prime factors of (-30 + (-3155)/(-3))/((-2)/(-66))?
5, 11, 613
Let h be 3/(2/(20/(-15))). What are the prime factors of 328 - (3 + 4/h)*-2?
2, 3, 5, 11
Suppose -2*h = 4*y - 177502, 121*h = -5*y + 125*h + 221936. List the prime factors of y.
2, 5, 7, 317
Suppose 0 = 2*h - 3*h - 343. Let f = h + 601. What are the prime factors of f?
2, 3, 43
Let l(g) = -171*g + 22 - 11 - 32. What are the prime factors of l(-1)?
2, 3, 5
Let k(r) = 6*r + 190. Let i be k(-30). List the prime factors of (-11282)/(-10) + (-2)/i.
2, 3, 47
Suppose 153 = -4*h - 763. Let z = 634 + h. What are the prime factors of z?
3, 5
Suppose 0 = t + 4*o - 1252, -2*t - o + 2518 = -0*t. Suppose -13*v + t = -6*v. List the prime factors of 24/v - (-898)/15.
2, 3, 5
Let f = 2488 + -1141. Suppose 14*n + f = -39. Let u = n + 155. What are the prime factors of u?
2, 7
Let x(r) = -121*r + 121. Let f be x(-8). Let v = f - 328. List the prime factors of v.
761
Let z be (7 - -3)/((-14)/(-840)). Suppose 4*o + 2*u + 2*u = z, 5*o = u + 744. List the prime factors of o.
149
Suppose 3*g = 2944 + 5408. List the prime factors of g.
2, 3, 29
Let f = 51 - -74. Suppose 131*n - f*n - 5400 = 0. What are the prime factors of n?
2, 3, 5
Let k = -417 + 224. Let o = -191 - k. List the prime factors of o.
2
Suppose 12*n = 4*n + 40. Suppose -n*d - 2*u = -3*d + 364, 0 = 4*d - u + 748. Let r = d + 396. List the prime factors of r.
2, 3, 5, 7
Let p(i) = -2*i**2 - 13*i + 3. Let z be p(-7). What are the prime factors of 6/z*(-425 + -3)?
2, 3, 107
Let h(t) = 26 + 94*t + 19 + 378*t. List the prime factors of h(2).
23, 43
Let u be (1 + 570)*(3 + -2). Let g = -406 + u. Suppose 0*s - g = -5*s. What are the prime factors of s?
3, 11
Suppose -137*b + 9408 = -131*b. Suppose -72*i - b = -79*i. List the prime factors of i.
2, 7
Suppose 4*a + 4*g - 88 = 0, g = -4*a - 4*g + 89. Suppose -1939 - a = -4*m. List the prime factors of m.
2, 5, 7
Let m(r) = -r**2 + 9*r. Let d be m(8). Suppose -d*k + 9*k = -51. What are the prime factors of (1/(-3) + -1)/(2/k)?
2, 17
Suppose -7*l - 15 = -12*l. Let k(h) = -5*h**2 + 28*h - 3 - 11*h - 8*h + h**l. List the prime factors of k(6).
3, 29
Let k = -85 + 90. Suppose 747 = 4*b + k*i, -10 = -5*i + 5. List the prime factors of b.
3, 61
Let l = 159 - 153. Suppose l*g - 3713 = -173. List the prime factors of g.
2, 5, 59
Let m(g) = -783*g**3 - 9*g**2 + 8*g. Let t(c) = 782*c**3 + 10*c**2 - 9*c. Let a(v) = -7*m(v) - 6*t(v). What are the prime factors of a(1)?
2, 5, 79
Suppose 8*k - 4*k - 104 = 0. Suppose 9*h = 152 - k. What are the prime factors of h?
2, 7
List the prime factors of 68 - 84 - (0 - 2192).
2, 17
Let y(m) = 37*m + 58. Let j be y(-11). Let s = j + 1354. List the prime factors of s.
3, 5, 67
Let t(j) = 7*j - 19. Let b be t(4). Suppose -56 = -10*c + b*c. Let f = c - -49. List the prime factors of f.
3, 5, 7
Let m(s) = -102*s + 10. Suppose 2*f - 7*f = 20. Let n be m(f). Suppose n = 3*o + 91. List the prime factors of o.
109
Let o = -90 + 95. Suppose -x + 21 = -3*k, -o*x = -2*x - 2*k - 49. What are the prime factors of ((-430)/x)/((-8)/12)?
43
Let f(y) = -y**2 - y. Let b(w) = 45*w**2 + 10*w + 2. Let d(n) = b(n) + 5*f(n). List the prime factors of d(-5).
977
Let g = 797 + -393. Suppose 4*m - f - g = -0*f, -5*f = -m + 101. Suppose 5*w + 5*x - 1185 = 0, m = -w - 3*x + 342. What are the prime factors of w?
5, 47
Suppose 6*g + 2*z + 16 = 10*g, -14 = -4*g + z. Suppose g*h - 3*u - 2557 = u, 5*u - 4320 = -5*h. What are the prime factors of h?
859
Let c be (1/(-2))/((-8)/(-8))*50. Let l = c + -307. Let k = -144 - l. List the prime factors of k.
2, 47
Suppose 26*j - 821412 - 393100 = 0. What are the prime factors of j?
2, 5839
Suppose 2*l + 20 = 7*l. Suppose 5*x - 315 = -5*k, -4*x - 94 = -l*k + 134. What are the prime factors of k?
2, 3, 5
Let b(g) = 2121*g + 1051. What are the prime factors of b(2)?
67, 79
Let u be (-4)/6 - (112/(-24) + 5). Let k(g) = -848*g**3 - g**2 + 16*g + 18. What are the prime factors of k(u)?
3, 283
Let x(n) = -4*n**2 + 24*n + 32 + 10 + 24*n**2 + 11*n**2 - n**3. List the prime factors of x(31).
2, 3, 131
Suppose -5*u - 20 = 2*v, -u - 4 = -5*v - 0. Suppose -2*h + 16*f - 11*f + 2551 = 0, 2*f + 2 = v. List the prime factors of h.
19, 67
Suppose -13*w + 15 = -24. Suppose -15*a = w*a - 1638. What are the prime factors of a?
7, 13
Suppose -525*p = -528*p - 4*v + 36767, -4*p + 49008 = -2*v. List the prime factors of p.
12253
Suppose -5*k = -3*h + h + 26, -h + 3*k = -15. Suppose 0 = 5*x - 2 - h. What are the prime factors of (10*-12)/(-2 - x/(-2))?
2, 5
Suppose -2268 = -3*s - 4*s. Suppose s = -n + 861. List the prime factors of n.
3, 179
Suppose -13*h + 9*h + 76 = 0. Let s(u) = u**3 + 9*u**2 - 10*u + 13. Let f be s(-10). Suppose -h = -c + f. What are the prime factors of c?
2
Let w = 33033 - 21985. List the prime factors of w.
2, 1381
Let y = 405 - 393. Suppose y*n - 166 = 134. List the prime factors of n.
5
Let n = -55 + 62. Let u be 1*35/n*19*1. List the prime factors of u/25 + -4 + 141/5.
2, 7
List the prime factors of (16/14)/((-200)/(-2064300)).
2, 3, 983
Let c(q) = -2*q**3 - 50*q**2 - 2*q + 83. Let w be c(-25). Suppose -2*n + n - 45 = 0. Let t = n + w. What are the prime factors of t?
2, 11
Let p be (-74)/(-16) + 78/208. What are the prime factors of (9/(-3) - -275) + p?
277
Let c be (-1)/(-5) + (-19677)/35. Let d = 858 + c. Suppose -d = 4*v - 8*v. What are the prime factors of v?
2, 37
List the prime factors of 552/46 + 80*44.
2, 883
Let d = 90 + 3534. List the prime factors of d.
2, 3, 151
Let x = 25 + -22. Suppose -13 = -f + j, -f - 2*j = x*j + 11. Suppose -f*r + r = -688. What are the prime factors of r?
2, 43
Let r = -97 - -104. What are the prime factors of 334 - (2 + -4 + r)?
7, 47
Let d(v) = v**3 + 17*v**2 - 81*v + 84. What are the prime factors of d(20)?
2, 829
Suppose 40*s - 359 - 163401 = 0. What are the prime factors of s?
2, 23, 89
What are the prime factors of 7 + (-14)/(-2) + -34*(-5790)/12?
3, 13, 421
Suppose -102*p + 4*r + 2951 = -101*p, -11830 = -4*p + 3*r. List the prime factors of p.
11, 269
What are the prime factors of -7 + (103/(-2))/((-3)/(-6))*-497?
2, 7, 457
Let w = 5587 + -1719. What are the prime factors of w?
2, 967
Suppose -52 = 10*b - 23*b. Suppose 0 = 5*f + 4*a - 6426 - 3457, 2*a = -b*f + 7904. What are the prime factors of f?
5, 79
Let i be (-24)/30 - (-229)/5. Let a = 48 - i. Suppose -4*s - a*c - c = -8, -22 = -5*s - c. List the prime factors of s.
5
Let s(o) = 887*o - 22. List the prime factors of s(15).
37, 359
Let i = 149 - 146. Let r(w) = -w**2 - 4*w + 23. List the prime factors of r(i).
2
Suppose 0 = -38*o + 41*o + 12, 2*q = -5*o + 9896. What are the prime factors of q?
2, 37, 67
Suppose -5 = 5*f - 30. Suppose f*b + 0*b + 4*r = 266, -275 = -5*b + 5*r. What are the prime factors of b?
2, 3
Let a = -3379 - -6382. What are the prime factors of a?
3, 7, 11, 13
Let n = 32434 - 14092. What are the prime factors of n?
2, 3, 1019
Let p(z) be the second derivative of 0 - z + 13/6*z**3 + 1/2*z**2. What are the prime factors of p(4)?
53
Let p(s) = -5814*s + 242. List the prime factors of p(-8).
2, 97, 241
Let n(q) = -3*q - 2. Let x be n(-7). Let z(g) = 7*g - g**3 + 15*g**2 - 9*g**3 - 8*g**3 + 26 + x*g**3. What are the prime factors of z(-14)?
2, 31
Let t(g) = -g**2 + 18*g - 1. Let r be t(14). Suppose -50*v - 295 = -r*v. What are the prime factors of v?
59
Suppose -3*d + 5*g = -16252, -2*d - 2*g = -5*g - 10834. What are the prime factors of d?
2, 2707
Suppose -35 = -5*c + 2*h + 38, -3*c - h = -35. Suppose 0 = -c*u + 349 + 379. List the prime factors of u.
2, 7
What are the prime factors of (-7002)/(-21)*168/36?
2, 389
Let q(z) = z**2 - 9*z - 4. Let t be q(10). What are the prime factors of 144 + 1 + 3 - t?
2, 71
Let t(b) be the second derivative of -31*b**3/3 - 5*b**2/2 - b. Let x = -5374 - -5372. What are the prime factors of t(x)?
7, 17
Let o = -36 + 54. Suppose o*v - 12 = 17*v. Suppose -15*a + v*a + 216 = 0. List the prime factors of a.
2, 3
Suppose 2*r = 3*w - 16268, -98*r + 5432 = w - 101*r. What are the prime factors of w?
2,